units digit of 166484?
4
What is the tens digit of 263744?
4
What is the tens digit of 70575?
7
What is the ten thousands digit of 13953?
1
What is the millions digit of 6104673?
6
What is the hundreds digit of 1384967?
9
What is the tens digit of 358589?
8
What is the ten thousands digit of 258454?
5
What is the hundreds digit of 424919?
9
What is the ten thousands digit of 1998163?
9
What is the thousands digit of 304810?
4
What is the hundreds digit of 850211?
2
What is the ten thousands digit of 4644531?
4
What is the thousands digit of 762607?
2
What is the thousands digit of 456644?
6
What is the units digit of 3060340?
0
What is the units digit of 167858?
8
What is the units digit of 194637?
7
What is the hundred thousands digit of 350075?
3
What is the tens digit of 21714169?
6
What is the ten thousands digit of 2265839?
6
What is the ten thousands digit of 457917?
5
What is the units digit of 11511865?
5
What is the units digit of 262186?
6
What is the thousands digit of 188004?
8
What is the hundreds digit of 20439255?
2
What is the tens digit of 586559?
5
What is the thousands digit of 31699?
1
What is the millions digit of 1569455?
1
What is the ten thousands digit of 1411644?
1
What is the hundred thousands digit of 486574?
4
What is the millions digit of 4414199?
4
What is the ten thousands digit of 2507431?
0
What is the hundreds digit of 373563?
5
What is the thousands digit of 212010?
2
What is the hundreds digit of 2246109?
1
What is the thousands digit of 23566?
3
What is the hundred thousands digit of 271472?
2
What is the units digit of 1954333?
3
What is the thousands digit of 5242424?
2
What is the millions digit of 1927749?
1
What is the hundred thousands digit of 4064316?
0
What is the thousands digit of 3233459?
3
What is the tens digit of 253725?
2
What is the hundred thousands digit of 474832?
4
What is the ten thousands digit of 3868866?
6
What is the units digit of 2670427?
7
What is the units digit of 10192934?
4
What is the ten thousands digit of 1696754?
9
What is the millions digit of 20044756?
0
What is the thousands digit of 3062972?
2
What is the ten millions digit of 19854579?
1
What is the units digit of 440068?
8
What is the hundreds digit of 2361350?
3
What is the hundred thousands digit of 956924?
9
What is the thousands digit of 891794?
1
What is the tens digit of 1101217?
1
What is the ten thousands digit of 221669?
2
What is the hundreds digit of 181963?
9
What is the thousands digit of 434769?
4
What is the hundreds digit of 5951981?
9
What is the ten thousands digit of 677852?
7
What is the hundreds digit of 52639?
6
What is the hundred thousands digit of 10110520?
1
What is the ten thousands digit of 277055?
7
What is the units digit of 858525?
5
What is the thousands digit of 287685?
7
What is the thousands digit of 431293?
1
What is the thousands digit of 4384197?
4
What is the tens digit of 4350409?
0
What is the tens digit of 2775877?
7
What is the hundred thousands digit of 919273?
9
What is the thousands digit of 2326927?
6
What is the ten thousands digit of 318753?
1
What is the tens digit of 1969988?
8
What is the millions digit of 2266467?
2
What is the hundreds digit of 110659?
6
What is the thousands digit of 151124?
1
What is the hundreds digit of 888750?
7
What is the millions digit of 3590031?
3
What is the tens digit of 3102159?
5
What is the hundred thousands digit of 1217562?
2
What is the ten thousands digit of 158967?
5
What is the ten thousands digit of 781813?
8
What is the hundreds digit of 1418075?
0
What is the millions digit of 14884043?
4
What is the hundred thousands digit of 130742?
1
What is the hundreds digit of 16348?
3
What is the hundreds digit of 63645?
6
What is the tens digit of 3562111?
1
What is the hundreds digit of 1521910?
9
What is the ten thousands digit of 212209?
1
What is the hundred thousands digit of 1418362?
4
What is the ten millions digit of 25633125?
2
What is the units digit of 251914?
4
What is the hundreds digit of 189221?
2
What is the thousands digit of 9185?
9
What is the ten thousands digit of 952378?
5
What is the units digit of 19132?
2
What is the hundreds digit of 995937?
9
What is the units digit of 2134972?
2
What is the thousands digit of 1606889?
6
What is the units digit of 87607?
7
What is the hundreds digit of 290590?
5
What is the thousands digit of 2135688?
5
What is the thousands digit of 1559922?
9
What is the units digit of 343335?
5
What is the tens digit of 14774289?
8
What is the hundred thousands digit of 1175060?
1
What is the tens digit of 460127?
2
What is the hundreds digit of 9494995?
9
What is the hundred thousands digit of 709702?
7
What is the ten thousands digit of 6449714?
4
What is the thousands digit of 632922?
2
What is the hundreds digit of 93685?
6
What is the hundreds digit of 11625319?
3
What is the hundreds digit of 2315069?
0
What is the hundreds digit of 1069955?
9
What is the tens digit of 1108803?
0
What is the units digit of 11353462?
2
What is the hundred thousands digit of 11618773?
6
What is the thousands digit of 257930?
7
What is the tens digit of 1875599?
9
What is the ten millions digit of 29595552?
2
What is the units digit of 47312?
2
What is the ten thousands digit of 195331?
9
What is the units digit of 436184?
4
What is the tens digit of 261408?
0
What is the units digit of 531596?
6
What is the hundreds digit of 941934?
9
What is the tens digit of 1921131?
3
What is the tens digit of 11064859?
5
What is the thousands digit of 360085?
0
What is the hundred thousands digit of 6810382?
8
What is the millions digit of 2161448?
2
What is the thousands digit of 659991?
9
What is the ten thousands digit of 4497649?
9
What is the hundreds digit of 556808?
8
What is the tens digit of 33538?
3
What is the thousands digit of 7871708?
1
What is the thousands digit of 3167567?
7
What is the tens digit of 208491?
9
What is the units digit of 536642?
2
What is the thousands digit of 1182091?
2
What is the thousands digit of 6090260?
0
What is the thousands digit of 267893?
7
What is the thousands digit of 50852?
0
What is the tens digit of 3268054?
5
What is the ten thousands digit of 1118095?
1
What is the hundred thousands digit of 12496326?
4
What is the tens digit of 10985972?
7
What is the thousands digit of 81108?
1
What is the units digit of 903906?
6
What is the tens digit of 678736?
3
What is the hundred thousands digit of 197766?
1
What is the units digit of 4024929?
9
What is the units digit of 5657977?
7
What is the hundreds digit of 396252?
2
What is the thousands digit of 15872778?
2
What is the units digit of 12535307?
7
What is the units digit of 18146330?
0
What is the hundred thousands digit of 420129?
4
What is the hundreds digit of 4027064?
0
What is the ten thousands digit of 16305317?
0
What is the ten thousands digit of 10290098?
9
What is the thousands digit of 5097427?
7
What is the ten thousands digit of 310639?
1
What is the thousands digit of 6303508?
3
What is the hundreds digit of 33247?
2
What is the hundreds digit of 2427497?
4
What is the hundreds digit of 6891464?
4
What is the ten thousands digit of 499734?
9
What is the hundreds digit of 84230?
2
What is the tens digit of 4769385?
8
What is the millions digit of 2679754?
2
What is the hundreds digit of 8303543?
5
What is the thousands digit of 12958792?
8
What is the units digit of 1828212?
2
What is the hundreds digit of 1196370?
3
What is the hundreds digit of 435708?
7
What is the hundreds digit of 5181229?
2
What is the hundred thousands digit of 719456?
7
What is the hundreds digit of 1690108?
1
What is the hundred thousands digit of 1730729?
7
What is the hundred thousands digit of 162756?
1
What is the units digit of 6938271?
1
What is the tens digit of 9371144?
4
What is the hundreds digit of 306916?
9
What is the tens digit of 307438?
3
What is the hundred thousands digit of 220817?
2
What is the millions digit of 2052131?
2
What is the ten thousands digit of 113971?
1
What is the millions digit of 2471493?
2
What is the hundred thousands digit of 1431449?
4
What is the hundreds digit of 192602?
6
What is the hundreds digit of 8121077?
0
What is the tens digit of 86869?
6
What is the hundreds digit 